-3)?
7
Let f(y) = 31*y**2 + 1051*y + 560. Determine f(-34).
662
Let p(j) = -2*j**3 - 9*j**2 + 306*j + 2543. Determine p(-8).
543
Let x(h) = 2*h**3 - 93*h**2 + 23*h - 3186. Give x(47).
104
Let r(x) = 17341*x**2 - 329479*x + 26. Give r(19).
26
Let n(f) = 3770*f + 142827. Determine n(-38).
-433
Let w(d) = -d**2 + 159*d - 5219. Determine w(101).
639
Let s(f) = 26*f**3 - 52*f**2 + 392*f - 790. Give s(2).
-6
Let b(k) = 18*k**2 - 257*k - 14097. Give b(36).
-21
Let f(w) = -246*w**2 - 15989*w + 63. Calculate f(-65).
-2
Let o(u) = 4*u**3 + 27*u**2 - 53*u - 420. Give o(-7).
-98
Let u(i) = 39143*i**2 - 1722294*i + 84. Determine u(44).
-4
Let d(m) = -m**2 + 164*m - 4608. Calculate d(129).
-93
Let m(f) = -f**3 + 23*f**2 + 69*f + 150. Give m(26).
-84
Let i(v) = -16*v**3 - 65*v**2 - 34*v - 108. Determine i(-4).
12
Let j(m) = -4*m**3 + 2*m**2 + 33*m - 1. Give j(0).
-1
Let j(o) = -10*o**2 - 20*o + 154. Calculate j(5).
-196
Let r(d) = -2*d**3 + 34*d**2 + 26179*d - 470569. Determine r(18).
5
Let d(u) = -u**3 + 96*u**2 - 1907*u + 136. Calculate d(28).
52
Let t(k) = -77*k**2 - 109478*k - 195955. What is t(-1420)?
5
Let q(z) = 7*z**2 + 131*z + 308. Calculate q(-14).
-154
Let z(p) = -467*p - 232571. Calculate z(-498).
-5
Let m(c) = 88884*c + 533288. What is m(-6)?
-16
Let g(q) = 6672*q - 79979. What is g(12)?
85
Let q(w) = 502*w - 22068. What is q(44)?
20
Let y(m) = m**3 - 2106*m**2 - 51119*m + 18. Calculate y(-24).
-6
Let d(c) = 27*c + 4485. Calculate d(-209).
-1158
Let j(l) = -131778*l - 15286231. Calculate j(-116).
17
Let f(s) = -22*s**2 + 2815*s - 98. Determine f(128).
-226
Let h(v) = -v**3 + 35*v**2 - 311*v - 799. Give h(28).
-4019
Let j(x) = 44*x**2 + 2701*x + 13265. What is j(-56)?
-7
Let j(x) = -10*x**2 - 2107*x + 11462. Give j(-216).
14
Let w(c) = -17*c**3 - 579*c**2 - 40*c - 212. Calculate w(-34).
-8
Let t(b) = -67*b**2 + 2929*b + 32977. Give t(53).
11
Let p(z) = 41082*z + 205397. What is p(-5)?
-13
Let i(t) = 1171*t + 82379. Determine i(-70).
409
Let p(g) = -g**3 + 17*g**2 - 39*g + 18. What is p(8)?
282
Let t(o) = -1313*o**2 + 52522*o - 153. Calculate t(40).
-73
Let o(a) = -177*a + 3415. What is o(18)?
229
Let d(a) = 4*a**2 + 321*a - 106. Determine d(-79).
-501
Let f(q) = -3*q**2 - 30*q - 156. Determine f(-2).
-108
Let d(m) = -m**3 + 22*m**2 - 215*m + 1262. Give d(10).
312
Let t(j) = -j**3 + 38*j**2 + 5694*j - 198221. What is t(34)?
-1
Let p(u) = 617*u**2 - 30840*u - 474. Calculate p(50).
26
Let b(h) = 138*h + 73. What is b(-2)?
-203
Let q(g) = -1125*g + 5953. What is q(5)?
328
Let k(g) = -4*g**2 - 716*g + 138532. What is k(-296)?
4
Let f(j) = -9*j**2 - 3423*j - 47210. What is f(-366)?
4
Let n(x) = -6*x**2 - 157*x - 387. Give n(-21).
264
Let k(r) = -r**3 - 28*r**2 - 160*r - 72. What is k(-23)?
963
Let t(r) = -r**2 + 502*r + 22. Give t(0).
22
Let a(h) = 513*h + 52387. Calculate a(-102).
61
Let d(c) = 11388*c - 159386. Determine d(14).
46
Let y(c) = -3*c**3 - 343*c**2 - 113*c - 9. Give y(-114).
-123
Let a(z) = -2*z**2 + 284*z - 1848. Give a(8).
296
Let g(h) = -h**3 - 217*h**2 - 440*h - 48394. Give g(-216).
-10
Let c(l) = 35376*l + 424457. Give c(-12).
-55
Let b(i) = 2*i**3 - 509*i**2 - 4048*i + 1092701. What is b(254)?
-7
Let j(a) = -69*a**2 - 1148*a + 6934. Determine j(6).
-2438
Let i(m) = -40*m - 5259. Give i(-88).
-1739
Let x(z) = 14*z**2 + 674*z + 1155. Determine x(-45).
-825
Let q(w) = w**3 - 45*w**2 + 15*w - 665. What is q(45)?
10
Let j(o) = o**2 - 314*o + 613. Determine j(2).
-11
Let y(i) = i**3 + 24*i**2 - 700*i - 16884. Determine y(-25).
-9
Let w(m) = -1085*m - 35833. Determine w(-33).
-28
Let k(q) = -q**2 + 801*q - 57037. Calculate k(79).
1
Let c(w) = 2*w**2 - 192227*w + 6149221. Give c(32).
5
Let j(v) = -v**3 + 6*v**2 + 305*v - 2072. Calculate j(7).
14
Let k(v) = -4*v**2 + 2066*v + 65636. Give k(-30).
56
Let o(v) = -v**3 - 208*v**2 - 833*v - 5226. Give o(-204).
-1758
Let f(v) = -25567*v - 229748. Calculate f(-9).
355
Let z(h) = -8*h**3 + 8*h**2 + 204*h + 1019. Give z(-6).
1811
Let u(c) = -15*c**2 - 398*c + 8091. What is u(-40)?
11
Let j(l) = l**2 + 128879*l + 257757. Calculate j(-2).
3
Let q(t) = -t**3 - 2*t**2 + 31*t + 407. Calculate q(-8).
543
Let o(f) = -2179*f + 8734. Give o(4).
18
Let v(a) = -4383*a**2 + 105190*a + 61. Give v(24).
13
Let t(k) = -925*k - 217795. Calculate t(-234).
-1345
Let x(l) = l**3 - 120*l**2 - 16*l + 1902. What is x(120)?
-18
Let d(t) = -t**2 - 9710*t - 1902007. What is d(-200)?
-7
Let y(m) = -802*m - 20102. Give y(-24).
-854
Let s(r) = 1356*r - 26084. What is s(20)?
1036
Let j(a) = -1391*a - 6962. Give j(-5).
-7
Let y(p) = -p**3 - 51*p**2 + 5122*p - 64805. Give y(16).
-5
Let g(q) = -7*q - 439. Determine g(-14).
-341
Let u(j) = j**3 - 43*j**2 + 466*j - 94. What is u(23)?
44
Let o(h) = -933386*h - 1866771. Calculate o(-2).
1
Let b(c) = 839918*c - 5879432. Give b(7).
-6
Let x(b) = -1842786*b + 46069637. What is x(25)?
-13
Let d(b) = -2*b**2 - 707*b - 23877. Calculate d(-38).
101
Let h(k) = -268*k**2 - 1541*k + 406. Give h(-6).
4
Let a(f) = f**2 + 24287*f - 291611. What is a(12)?
-23
Let b(z) = -2*z**3 + 47*z**2 - 251*z - 29. Calculate b(9).
61
Let x(s) = 165*s - 103. Calculate x(-1).
-268
Let p(d) = -d**2 - 27*d + 395. Calculate p(12).
-73
Let u(s) = s**3 + 17*s**2 - 73*s - 137. Give u(-9).
1168
Let q(d) = 42*d**2 + 196*d + 376. What is q(-2)?
152
Let p(b) = -266*b - 22566. What is p(-81)?
-1020
Let h(p) = -2247*p - 65243. Determine h(-29).
-80
Let o(f) = 6*f**2 - 1874*f + 1875. Calculate o(1).
7
Let c(y) = 3*y**3 - 408*y**2 - 895*y + 121713. Give c(136).
-7
Let h(s) = -124*s**3 + 369*s**2 - 72*s + 204. Determine h(3).
-39
Let j(z) = 3*z**2 + 209*z - 128846. What is j(-245)?
24
Let t(g) = -142*g + 13687. Calculate t(92).
623
Let n(h) = -3*h**3 - 238*h**2 - 351*h - 31. Calculate n(-78).
3011
Let d(g) = -g**2 - 643*g - 102129. Give d(-353).
241
Let i(y) = -6*y**3 + 883*y**2 - 352*y + 30065. Give i(147).
-70
Let u(k) = -5*k**2 - 238*k + 151. Give u(-47).
292
Let d(c) = c**3 - 32*c**2 - 110*c + 1819. Determine d(31).
-2552
Let z(t) = 760*t - 741. Determine z(1).
19
Let x(v) = v**3 - 15*v**2 - 63*v + 526. Give x(17).
33
Let t(g) = -4156*g - 37446. What is t(-9)?
-42
Let o(j) = 45*j**2 + 2949*j - 4252. Calculate o(-67).
170
Let r(v) = 771060*v + 6939562. Give r(-9).
22
Let u(r) = 320*r + 2026. What is u(-8)?
-534
Let m(j) = 177*j**2 + 949*j + 323. What is m(-5)?
3
Let h(k) = 3*k**3 - 426*k**2 + 5030*k + 3. Give h(13).
-10
Let l(b) = -b**3 + 9*b**2 + 3127*b - 31179. Calculate l(10).
-9
Let l(t) = 564415*t - 19754511. Calculate l(35).
14
Let i(f) = -1505375*f - 3010758. Determine i(-2).
-8
Let b(w) = -9*w**2 + 2071*w - 6133. Calculate b(3).
-1
Let d(f) = -f**2 + 206*f + 27788. Calculate d(-93).
-19
Let n(q) = -2*q**2 + 1506*q - 23587. What is n(16)?
-3
Let k(s) = -2*s**3 + 106*s**2 - 399*s + 355. Determine k(49).
12
Let u(q) = 9*q**3 + 851*q**2 - 374*q + 584. Give u(-95).
14
Let a(t) = -t**2 - 51983*t + 2445393. Calculate a(47).
-17
Let i(b) = b**3 - 37*b**2 + 181*b + 3323. Calculate i(27).
920
Let l(i) = 3*i**2 - 16*i - 9549. What is l(-53)?
-274
Let r(p) = 6*p + 1882. Calculate r(-54).
1558
Let u(r) = -9*r**3 - 191*r**2 - 164*r - 6997. Calculate u(-22).
-1
Let o(n) = 2*n**2 + 97*n - 3746. What is o(-74)?
28
Let n(l) = -57570*l + 7541653. Calculate n(131).
-17
Let s(m) = m**3 + 10*m**2 + 1050*m + 10511. Give s(-10).
11
Let z(d) = -d**3 + 82*d**2 - 1494*d + 18. Give z(55).
-477
Let t(r) = 2*r**2 + 33*r + 902. What is t(-26)?
1396
Let q(z) = -6*z**3 + 160*z**2 + 792*z + 303. Determine q(31).
-131
Let n(a) = a**2 - 70*a + 1149. Determine n(21).
120
Let d(q) = -q**3 + 53*q**2 - 489*q + 14349. Give d(49).
-8
Let j(s) = -52*s + 177. Determine j(23).
-1019
Let l(a) = 10*a**2 - 2677*a + 10575. What is l(264)?
807
Let m(b) = -b**2 - 438*b + 12998. Calculate m(35).
-3557
Let n(k) = k**3 + 13*k**2 - 4997*k - 30249. Give n(-6).
-15
Let d(r) = -r**3 + 2600*r**2 + 258819*r + 281. Give d(-96).
-7
Let a(k) = -k**2 - 5114*k - 132294. Give a(-26).
-6
Let x(p) = -p**2 - 945*p - 43916. Give x(-49).
-12
Let c(y) = 485895*y - 28181912. Give c(58).
-2
Let k(f) = 22*f + 661. Determine k(62).
2025
Let o(q) = q**3 - 13*q**2 - 124*q + 1246. Calculate o(9).
-194
Let b(w) = -5*w - 418. What is b(-79)?
-23
Let h(s) = 26*s**3 + 5*s**2 - s - 3. What is h(-2